{"id":9737,"date":"2023-05-08T15:29:13","date_gmt":"2023-05-08T13:29:13","guid":{"rendered":"https:\/\/museodigitale.borghieccellentilucani.it\/en\/?post_type=borghi&#038;p=9737"},"modified":"2023-05-08T15:56:25","modified_gmt":"2023-05-08T13:56:25","slug":"guardia-perticara","status":"publish","type":"borghi","link":"https:\/\/museodigitale.borghieccellentilucani.it\/en\/borghi\/guardia-perticara\/","title":{"rendered":"Guardia Perticara"},"content":{"rendered":"\n<p>Le origini del centro abitato sono molto antiche e possono certo farsi risalire all&#8217;et\u00e0 del Bronzo.<\/p>\n\n\n\n<p>A questo periodo, infatti, corrispondono le testimonianze archeologiche rinvenute nei diversi siti del territorio di Guardia. In localit\u00e0 S. Vito, anche di recente, sono stati portati alla luce frammenti di un abitato del XIV sec. e corredi tombali risalenti al VII sec. a.C.<\/p>\n\n\n\n<p>Dai ritrovamenti si evince che, prim&#8217;ancora della colonizzazione magnogreca della costa Ionica, erano gli Enotri, cos\u00ec come li definisce il geografo Strabone, ad abitare le aree interne della Basilicata, soprattutto quelle a ridosso dei percorsi fluviali.<\/p>\n\n\n\n<p>Lungo l&#8217;Agri ed il Sinni, probabilmente al tempo navigabili, si eman\u00f2 la cultura magnogreca. L&#8217;egemonia di Siris si spinse fino alle aree interne della regione creando influenze negli usi e nei costumi delle popolazioni enotrie.<\/p>\n\n\n\n<p>Il Castrum Perticari si sviluppa in epoca medioevale. Il nome antico potrebbe riferirsi alle &#8220;pertiche&#8221; longobarde cio\u00e8 a quelle parti di territorio da questi assegnate alle famiglie dei coloni.<\/p>\n\n\n\n<p>Nel 968 Guardia rientra, sotto l&#8217;egida del Patriarca di Costantinopoli, nella diocesi di Tricarico. I&#8217;influenza greco-ortodossa divenne molto sostenuta nell&#8217;area dell&#8217;alta valle dell&#8217;Agri, ovvero il Latinianon come venne definito nell&#8217;ordinamento bizantino. Tante le laure,i cenobi e gli insediamenti creati dai monaci basiliani in questa zona,in cui l&#8217;immigrazione cominci\u00f2 gi\u00e0 sul finire del VI sec, e perdur\u00f2 per quasi tutto il medioevo. E proprio il territorio di Guardia,nel X sec., fu interessato dalla presenza di due illustri asceti, Luca d&#8217;Armento, fondatore del cenobio di Carbone, e Vitale da Castronuovo. Quest&#8217;ultimo, pare, si ferm\u00f2 sui monti di Turri ove ricostr\u00ec una chiesa in rovina che presto divenne un monastero tanto attivo e frequentato da esser pi\u00f9 volte citato nei documenti dell&#8217;epoca insieme a Perticarurn e Guardiam. Nonostante le scorrerie e le distruzioni saracene che pervasero l&#8217;intera area, in particolare, nel X secolo, il Latinianon conserv\u00f2 una buona densit\u00e0 abitativa. In epoca normanna il territorio di Guardia rientr\u00f2 nella giurisdizione di Ruggero, Conte di Tricarico. Nel 1237, durante il regno di Federico li di Svevia, tra i possedimenti della diocesi di Tricarico sono menzionate anche le localit\u00e0 di Guardiam, Turrim, Perticarum e il Monasterium Sancti Vitalis in Turri. Con la caduta degli svevi e l&#8217;affermazione degli angioini, nella &#8220;giostra&#8221; delle spartizioni feudali, Guardia viene assegnata a Giovanni Britando e poi,nel 400, ai Della Marra, signori di St\u00ecgl\u00ecano. Ed \u00e8 proprio in un documento di Carlo d&#8217;Angi\u00f2, risalente al 14 maggio del 1306, che per la prima volta compare il nome completo di Guardia Perticara.<\/p>\n","protected":false},"excerpt":{"rendered":"<p>Le origini del centro abitato sono molto antiche e possono certo farsi risalire all&#8217;et\u00e0 del Bronzo. A questo periodo, infatti,<\/p>\n","protected":false},"featured_media":9741,"menu_order":0,"template":"","_links":{"self":[{"href":"https:\/\/museodigitale.borghieccellentilucani.it\/en\/wp-json\/wp\/v2\/borghi\/9737"}],"collection":[{"href":"https:\/\/museodigitale.borghieccellentilucani.it\/en\/wp-json\/wp\/v2\/borghi"}],"about":[{"href":"https:\/\/museodigitale.borghieccellentilucani.it\/en\/wp-json\/wp\/v2\/types\/borghi"}],"wp:featuredmedia":[{"embeddable":true,"href":"https:\/\/museodigitale.borghieccellentilucani.it\/en\/wp-json\/wp\/v2\/media\/9741"}],"wp:attachment":[{"href":"https:\/\/museodigitale.borghieccellentilucani.it\/en\/wp-json\/wp\/v2\/media?parent=9737"}],"curies":[{"name":"wp","href":"https:\/\/api.w.org\/{rel}","templated":true}]}}

<p>Le origini del centro abitato sono molto antiche e possono certo farsi risalire all&#8217;età del Bronzo.</p>



<p>A questo periodo, infatti, corrispondono le testimonianze archeologiche rinvenute nei diversi siti del territorio di Guardia. In località S. Vito, anche di recente, sono stati portati alla luce frammenti di un abitato del XIV sec. e corredi tombali risalenti al VII sec. a.C.</p>



<p>Dai ritrovamenti si evince che, prim&#8217;ancora della colonizzazione magnogreca della costa Ionica, erano gli Enotri, così come li definisce il geografo Strabone, ad abitare le aree interne della Basilicata, soprattutto quelle a ridosso dei percorsi fluviali.</p>



<p>Lungo l&#8217;Agri ed il Sinni, probabilmente al tempo navigabili, si emanò la cultura magnogreca. L&#8217;egemonia di Siris si spinse fino alle aree interne della regione creando influenze negli usi e nei costumi delle popolazioni enotrie.</p>



<p>Il Castrum Perticari si sviluppa in epoca medioevale. Il nome antico potrebbe riferirsi alle &#8220;pertiche&#8221; longobarde cioè a quelle parti di territorio da questi assegnate alle famiglie dei coloni.</p>



<p>Nel 968 Guardia rientra, sotto l&#8217;egida del Patriarca di Costantinopoli, nella diocesi di Tricarico. I&#8217;influenza greco-ortodossa divenne molto sostenuta nell&#8217;area dell&#8217;alta valle dell&#8217;Agri, ovvero il Latinianon come venne definito nell&#8217;ordinamento bizantino. Tante le laure,i cenobi e gli insediamenti creati dai monaci basiliani in questa zona,in cui l&#8217;immigrazione cominciò già sul finire del VI sec, e perdurò per quasi tutto il medioevo. E proprio il territorio di Guardia,nel X sec., fu interessato dalla presenza di due illustri asceti, Luca d&#8217;Armento, fondatore del cenobio di Carbone, e Vitale da Castronuovo. Quest&#8217;ultimo, pare, si fermò sui monti di Turri ove ricostrì una chiesa in rovina che presto divenne un monastero tanto attivo e frequentato da esser più volte citato nei documenti dell&#8217;epoca insieme a Perticarurn e Guardiam. Nonostante le scorrerie e le distruzioni saracene che pervasero l&#8217;intera area, in particolare, nel X secolo, il Latinianon conservò una buona densità abitativa. In epoca normanna il territorio di Guardia rientrò nella giurisdizione di Ruggero, Conte di Tricarico. Nel 1237, durante il regno di Federico li di Svevia, tra i possedimenti della diocesi di Tricarico sono menzionate anche le località di Guardiam, Turrim, Perticarum e il Monasterium Sancti Vitalis in Turri. Con la caduta degli svevi e l&#8217;affermazione degli angioini, nella &#8220;giostra&#8221; delle spartizioni feudali, Guardia viene assegnata a Giovanni Britando e poi,nel 400, ai Della Marra, signori di Stìglìano. Ed è proprio in un documento di Carlo d&#8217;Angiò, risalente al 14 maggio del 1306, che per la prima volta compare il nome completo di Guardia Perticara.</p>

<p>Le origini del centro abitato sono molto antiche e possono certo farsi risalire all&#8217;età del Bronzo. A questo periodo, infatti,</p>
